 + 0 + 2*y - 3*y - 9. Let t be x(-12). Let g(s) = t*s**2 + 3 - 4*s + 2 + s - s**3 + 6*s. Calculate g(4).
-15
Let c be 3/(-1*6/(-4)). Let n be 4/8*4*14/4. Let k(w) = n*w - w**3 - 6*w**2 - 9 + 9*w**2 + c*w**2. Give k(6).
-3
Suppose -2*y + 2 + 2 = 0. Suppose 2*o = -2*o - 2*g - 2, y*g = -2*o + 4. Let f be o - (6 - (3 + 1)). Let l(w) = -4*w - 7. What is l(f)?
13
Let x(h) be the second derivative of -h**5/20 + h**4/12 + h**3/6 - h**2/2 + 2*h - 30. Calculate x(3).
-16
Let v(n) = -n**2 - 4*n + 5. Let r be v(-5). Let t(u) = -u**3 - 6*u**2 + 6. Let s be t(-6). Let p(o) = 2*o - o - s + 0*o + r*o. Determine p(4).
-2
Let h be (3/((-6)/(-5)))/((-2)/4). Let z(r) = 3*r + 4. What is z(h)?
-11
Let l be (4/10)/((-9)/135). Let o(v) = v**3 + 6*v**2 + 10. Let m be o(l). Let n(u) = u**2 - 11*u + 6. Determine n(m).
-4
Suppose -2*f + 0 = -q - 17, 0 = 5*f - 5*q - 45. Let i(c) = -c - f + 13 - 6. Let g = 14 + -10. What is i(g)?
-5
Let i be (-10)/5 + (-2 - -1). Let k(d) = -3*d**3 - 6*d**2 - 6*d - 3. Let v(f) = -4*f**3 - 6*f**2 - 7*f - 3. Let o(b) = i*k(b) + 2*v(b). Calculate o(-5).
8
Let r(g) be the third derivative of -g**6/120 + g**5/15 + g**3/6 - g**2. Let w(o) = -o**2 - 5*o - 6. Let f be w(-6). Let b = f - -16. Calculate r(b).
1
Let k = 37 - 31. Let d(g) be the second derivative of g**5/20 - 7*g**4/12 + g**3/2 - 4*g**2 + 2*g + 61. Calculate d(k).
-26
Let d(u) = -13*u + 25. Let l(w) = -13*w + 29. Let f(x) = -7*d(x) + 6*l(x). Calculate f(1).
12
Let i(d) be the second derivative of d**8/6720 - d**7/1260 - d**6/144 + d**5/120 + 2*d**4/3 - 6*d. Let s(q) be the third derivative of i(q). What is s(4)?
13
Let c(g) = -g. Let m = -90 + 158. Suppose -70*n - 8 = -m*n. Calculate c(n).
4
Let s(j) = -2*j**2 - 21*j - 12. Let g be s(-9). Suppose -g + 11 = v. Let q(l) be the third derivative of l**5/60 + l**4/4 + l**3/3 + l**2. What is q(v)?
-6
Let g(b) = -4*b**2 - b**3 - 2 + 4*b + 1 + 5. Let c(l) = -l. Let i(q) = -4*c(q) - g(q). Calculate i(-3).
5
Let j(l) be the third derivative of 5*l**4/24 + l**2. Let i = 7 - 8. Let s be (i/(-2))/(3/18). Give j(s).
15
Let z(v) = -v**2 - 21*v - 44. Let a be z(-18). Let r(u) = -u + 16. Calculate r(a).
6
Suppose 0*g = 3*g - 5*n - 11, 1 = g - n. Let q(l) be the third derivative of -l**4/24 + 2*l**3/3 - 21*l**2. Determine q(g).
7
Let r be 3/(-6) - 21/(-6). Suppose 2*h - r = -h. Let g(t) = t + 2. Let v(y) = y**2 - 4*y - 9. Let s(d) = 9*g(d) + 2*v(d). Determine s(h).
3
Let b(f) = 2*f**2 + 18*f - 39. Let d(j) = -3*j**2 - 27*j + 58. Let h(p) = 8*b(p) + 5*d(p). Determine h(-11).
0
Let b = -635 + 637. Let d(y) be the second derivative of 7*y**b + 1/6*y**3 + 0 + 4*y. Determine d(-8).
6
Let l(s) = 4*s - 21. Let k be l(9). Let h = -8 + k. Let p(z) = z**2 - 8*z + 10. Determine p(h).
3
Let z(q) = q**3 + 6*q**2 + q + 3. Let i(w) = -2 - 8*w**2 - 3 - 1 + 2*w + 7. Let r be i(-1). Let b = 3 + r. Give z(b).
-3
Let s(r) = -6 + 14 + 439*r - 430*r - r**2. Calculate s(8).
16
Let q(t) = -t - 12. Let p be 8 + -2 + -27 + 17. Give q(p).
-8
Let v(w) = -17*w**2 + 40*w - 1. Let k(l) = 5*l**2 - 13*l. Let d(s) = 7*k(s) + 2*v(s). Give d(8).
-26
Let g(w) = w + 3. Let y = 26 + -26. Suppose y = 3*i - 9. Determine g(i).
6
Suppose 34 = i + i. Let t = 20 - i. Suppose 0*y - 4*a = -y - 1, -3*a = t*y + 18. Let g(r) = r + 6. Determine g(y).
1
Let z(p) be the first derivative of -p**6/120 + 7*p**5/60 - 5*p**4/24 - p**3/3 - 6*p**2 - 15. Let j(h) be the second derivative of z(h). Give j(6).
4
Suppose -23*m + 24*m + 5 = -4*x, -x + 3*m = -15. Let f(p) = p**3 - p**2 - 2*p - 4. What is f(x)?
-4
Let m(l) = -4*l**2 - 28*l + 10. Let q(n) = -2*n**2 - 13*n + 5. Let s(v) = -4*m(v) + 9*q(v). Determine s(-5).
-20
Let h(t) = 3*t**3 + t - 14*t**3 - t**2 - 2*t. Let b = -41 + 26. Let d be 10/b + (-3)/9. Calculate h(d).
11
Let r = -6 - -8. Let v(g) = g + 683 + 694 - 1378. Determine v(r).
1
Let c(h) = 3*h**2 - 5*h**3 + 13*h - 13 - 12*h**2 - 5*h + 4*h**3. Let m be c(-10). Let r(z) = -z + m*z**3 + 5*z**3 - 11*z**3 + 2. Give r(0).
2
Let c(d) = -d**3 + d**2 - d - 1. Let q = -39 + 39. Suppose q = g - 4 + 4. Determine c(g).
-1
Let y(m) = 23*m + 7 + 4 + 33*m - 59*m. Give y(-13).
50
Let t = -131 - -124. Let v(s) = -s**3 - 5*s**2 + 15*s + 13. What is v(t)?
6
Let m(x) be the second derivative of x**6/360 - x**5/120 + x**4/24 + 23*x**3/3 - 47*x. Let p(l) be the second derivative of m(l). Determine p(3).
7
Let h = -14 - -15. Let j(n) = h + 140*n + 2 + 3 - 141*n. What is j(10)?
-4
Let f(q) be the first derivative of q**4/4 - 10*q**3/3 + q**2/2 + 14*q + 81. Calculate f(10).
24
Let s = -86 + 86. Suppose -j + 30 = 5*m, -j + 9 - 4 = s. Let a(u) = u**3 - 5*u**2 + u - 5. Determine a(m).
0
Let o(a) = a**3 - 6*a**2 - 4*a + 7. Let p(z) = 3*z + 24. Let u = 32 - 38. Let i be p(u). What is o(i)?
-17
Let l be 24/16*(30/(-9) - -2). Let q(d) = 2*d**2 - 4*d - 3. Calculate q(l).
13
Let t(n) = -2*n - 9. Let u be t(-6). Suppose -u*i + 25 = -17. Let p(d) = 3*d + i - 19 - 2*d. Give p(5).
0
Let i(w) = w**2 + 5*w - 8. Let g be 27*(-8)/(-24) - 15. What is i(g)?
-2
Let l(b) = 2*b - 5*b + b + 5*b - 2. Let m(u) = u + 6. Let o be m(-3). Give l(o).
7
Let w(y) = -3 - 3 - 3*y + 4*y - 2*y. Let f be w(-6). Let u(p) = p**2 - 21 + 12 + p + 17*p**3 - p - 18*p**3. Determine u(f).
-9
Let q(y) = y**2 + 19*y + 30. Let k be (-1 + 138/18)*168/(-70). What is q(k)?
-18
Let v(g) = -g - 2. Let o(d) = -1. Let h(q) = 4*o(q) - 3*v(q). Let a be (374/(-340) - 3/(-5))/(1/6). Determine h(a).
-7
Let o(w) = -70*w + 197. Let z be o(3). Let d(f) = -f**2 - 13*f - 3. Give d(z).
-3
Let d(y) = 3*y**2 - 13*y + 9. Let r(s) = -4*s**2 + 16*s - 10. Let k(j) = -3*d(j) - 2*r(j). Determine k(5).
3
Let z(i) = i - 6. Let k(j) = 4*j - 25. Let d(v) = -4*k(v) + 18*z(v). Suppose 4*s - 16 = -0. Suppose 14 = 3*b - s. Give d(b).
4
Let q(n) = -7*n + 1. Let s = 8 + -9. Let t be 3 + (-9 - s/(-1)). Let v = t - -9. Give q(v).
-13
Let r = -6 - -12. Let o(f) = r - 4 - 3*f + 2*f - 2*f - 2*f**2. Give o(-3).
-7
Let v(a) = a**2 - 8*a - 2. Let g(p) = -p**2 + 14*p - 7. Let s be g(13). Let m be v(s). Let t = -17 - m. Let d(k) = k**2 + k + 4. What is d(t)?
10
Let k(y) = y**2 + 6*y + 6. Let d = -192 + 186. Give k(d).
6
Suppose 0 = 5*k + x - 33, -3*k = -5*x - 4 + 1. Let w(l) = l**3 - 23*l**2 + 26*l**2 - l - 6*l - k. Calculate w(-4).
6
Let y(d) = -5*d + 0*d + 8*d + 7 - 5*d**2 - d**3. Suppose 4*x + 0 + 4 = 0. Let g = x + -4. What is y(g)?
-8
Let w(x) = x**2 + 9*x - 6. Suppose d - 68 = -77. Calculate w(d).
-6
Suppose -78*l + 96 = -60. Let r(j) = -14*j + 5. What is r(l)?
-23
Let z(x) = 3*x + 34. Let k be z(7). Suppose q - 3*i + 10 = 0, 18 = 5*q - 2*i + k. Let g(b) = b**2 + 6*b - 5. What is g(q)?
2
Suppose u + 2 + 10 = -4*f, u - 3 = f. Suppose u = o + 10. Let l be (3/(-4))/(o/(-80)). Let z(s) = -s**3 - 7*s**2 - 5*s + 3. Determine z(l).
-3
Let x(a) = -2*a**2 + 2. Let i(p) = 41*p + 243. Let m be i(-6). Calculate x(m).
-16
Let u = 4 - 6. Let z be -3 + 4 - u/(-2). Let n(v) be the third derivative of v**4/24 + 7*v**3/6 + 182*v**2. Determine n(z).
7
Let p(q) = -q**3 + 11*q**2 + 8*q + 5. Let i(k) = 4*k**3 - 35*k**2 - 25*k - 15. Let v(j) = -2*i(j) - 7*p(j). Determine v(-6).
-5
Let v(k) = k**2 - 15*k - 52. Let f be v(18). Let d(a) = 10 + f*a + 10 - 24. Give d(5).
6
Let n be 32/14 + (-4)/14. Let f(l) = 0 - 3*l + n - l + 3*l. Let m(i) = -i + 8. Let y be m(4). What is f(y)?
-2
Let t(c) = -4*c**2 + 4*c**2 - 2*c**2 + 2*c**2 - 3*c**2. Determine t(-1).
-3
Let c(j) = -7*j**2 + 0*j + 0 - 2 - 3*j + 5*j**2 + 0. Determine c(-1).
-1
Suppose -7*b = -13 - 1. Let k(v) be the first derivative of 1/2*v**b + v - 6. Determine k(-4).
-3
Suppose 0 = 9*w - 4*w - 20, 0 = -m + 5*w - 15. Let a be (-1 - (-1)/(-3))*-3. Let s(k) = a*k - 2 - k**2 + 5 + 3. What is s(m)?
1
Let g(z) be the third derivative of -z**4/24 + 5*z**3/6 + 78*z**2. Suppose -2*c + 7*c - 35 = 0. Calculate g(c).
-2
Suppose -2*a + 7*a - 30 = 0. Let k be 152/(-36) + a/27. Let t(h) = h + 9. What is t(k)?
5
Suppose 5*n + 21 = 11. Let b(s) = -2*s**2 + 11*s - 1. Let m(o) = o**2 - 5*o + 1. Let x(g) = n*b(g) - 5*m(g). What is x(4)?
-7
Let x(s) = s + 1. Let k(f) = -4*f + 4. Let h(a) = -k(a) + x(a). Let m be h(1). Let z(j) = -3 + 2*j**m + 7*j - 2*j**2 - j**2 + 0. Determine z(6).
3
Let n(z) = -z**2 - 5*z + 5. Let h = 16 - 5. Suppose 5*m + h = -k, -m - 2*m = -k - 3. What is n(k)?
-1
Let r(i) = -i**2 +